ime?
False
Let a(k) = 595*k + 66. Suppose 5*d - 22 = 3*z, 2*z = 4*d - 2 - 16. Is a(d) prime?
True
Suppose 14*l - 3574883 = -32*l - 27*l. Is l prime?
False
Suppose -8*m - 11 = -6*m - 3*j, 5*m = 3*j - 41. Is 72/45 + (-78274)/m a composite number?
False
Let i(h) = -1027*h**3 - 4*h**2 - h + 9. Is i(-4) composite?
False
Let a(n) = 1773*n + 908. Is a(25) composite?
False
Let t(n) = -n**3 + n**2 + 5*n + 6. Let b be t(-3). Let x = -24 + b. Suppose 0 = -x*j - 9 + 1230. Is j prime?
False
Let w(j) = 21*j**2 + 100*j - 1602. Is w(51) prime?
False
Suppose -67 = 34*x - 373. Suppose 0 = -5*h + 2*h + x, 2*h + 5149 = w. Is w prime?
False
Suppose -49*s - 991599 = -70*s. Let z = -3622 + s. Is z a prime number?
True
Let d(w) = 3*w + 20. Let s be 6/((-1 + 2)*(5 - 6)). Let f be d(s). Suppose -f*o + 5*o = h - 112, h - 5*o - 102 = 0. Is h composite?
False
Suppose -207 = -4*y + 181. Let h be y/11 + ((-53)/11 - -5). Suppose 0 = 15*l - h*l - 21954. Is l composite?
False
Let g(v) = 575*v**2 - 10*v + 67. Is g(-40) composite?
False
Suppose -375 = 2*k - 5*k. Suppose -5*c + k = 5*y, 2*y - y = 4*c + 25. Is (-8)/20 + 5485/y prime?
False
Let z(l) = -l**3 + 18*l**2 - 39*l - 7. Let r(s) = s**2 - s. Let x(t) = 2*r(t) - z(t). Is x(14) a prime number?
False
Suppose 569 = l - 5*d, 2*l - l = -3*d + 561. Suppose 3*g + l = 7*g. Is g a composite number?
True
Let i(y) = -4222*y**2 + 11*y + 10. Let n be i(-1). Let z = n + 18117. Is z composite?
True
Let v(j) = -28*j**3 - 205*j**2 - 65*j + 123. Is v(-37) a prime number?
False
Let l = -40335 - -124265. Let y = l - 31429. Is y composite?
False
Suppose -10*f + 20*f + 50 = 0. Let g be (-22078)/(-20) - f/50. Let h = g - 585. Is h a composite number?
True
Let z(v) = 233*v + 70. Let u be z(11). Suppose u = 2*q + 835. Is q a composite number?
True
Suppose -4*t + 112 = 5*u, -4*u = 2*t + 46 - 138. Let l = 21 - u. Is ((-1)/l)/((-2)/(-2454)) a composite number?
False
Suppose -87*h + 40*h - 109607003 = -168*h. Is h a prime number?
True
Suppose -9*a = -15*a + 2705143 + 30599. Is a a prime number?
False
Suppose 55*s - 28965617 = -2437942 - 462240. Is s composite?
True
Let x be (-5)/40*0 - (1 - -1150). Let m = 948 - x. Is m a composite number?
False
Suppose 0 = 29*i + 609 - 2320. Suppose -i = 5*b - 19369. Is b a prime number?
False
Let g = 12225 + -7313. Let j = -1751 - -3170. Let a = g - j. Is a prime?
False
Let a(n) = 6*n - 17. Let j be a(11). Let t = j - 42. Suppose -t*r = -281 - 272. Is r a composite number?
False
Let m be (-30)/(-120) + (-19)/(-4). Suppose 5*s = -n + 7 + 7466, 0 = m*n - 2*s - 37473. Is n composite?
True
Let t(s) = -6*s**2 - 7*s + 2121*s**3 + 5 - 2*s**2 + 17*s**2 - 6*s**2. Is t(1) prime?
False
Let d be (1/(-2))/((-1)/27933)*2. Let z = d + -15836. Is z composite?
False
Let r(s) = 9494*s + 885. Is r(26) composite?
False
Suppose 6*f + 9 = w + 2*f, -4*f = 4. Suppose -2*q = 2*q - 3*c + 99, 0 = -w*q + 2*c - 122. Is 4/q*-3 - (-369)/2 a prime number?
False
Suppose -2*n - 32 = 4*q, 4*q - 18*n + 21*n = -30. Is (q - (-2680)/30)/(2/18) a prime number?
False
Is 528620 - 158 - (-1 - 8/(-6))*-21 composite?
False
Let b be 3 + 0*((-12)/(-4))/6. Is -237*((-190)/15 + b) composite?
True
Suppose -6*w + 36 + 18 = 0. Let z(d) = -10*d**2 - 4*d + 13. Let u be z(w). Let a = u - -1620. Is a composite?
False
Let o(l) = 20*l**3 - 2*l**2 + 4*l - 3. Let z be o(3). Suppose -83*y - 519 = -84*y - r, -5*y = 2*r - 2592. Suppose s - y = z. Is s composite?
False
Let n be (5 - 8)/(-12) + 309309/12. Suppose 9*d - 132489 - n = 0. Is d prime?
False
Let a(y) = y + 6. Let i be a(-7). Let q be 9*(-6)/(-9)*i/(-2). Is q + (-866)/(-7) + 4/14 composite?
False
Suppose -20*s + 13*s - 21812 = 0. Let n = 8103 + s. Is n a composite number?
False
Let m be (1/2)/((-6)/(-48)). Suppose -m*h - c - 8 = 22, -3*c + 30 = -3*h. Is 9708/15 - h/(-40) prime?
True
Let t(f) = 29807*f - 15821. Is t(12) a prime number?
True
Let l = 417624 - 189239. Is l prime?
False
Suppose 2*y + 50 = -3*y - 5*j, -4*y - 44 = 3*j. Let g be 120/y*(-29183)/22. Suppose -4*d + g = 2*d. Is d a prime number?
False
Let a = 8910 + 9863. Is a a composite number?
False
Suppose 0 = 5*f + 3*c - 165550, 15614 = 2*f + 5*c - 50625. Is f a composite number?
False
Suppose 4*x = 3*n - 13771 + 3462, -4*x = n + 10313. Let d = x + 3941. Is d composite?
True
Let k(b) = -b**2 - 181*b + 2214599. Is k(0) a composite number?
False
Let w(j) = 69*j**3 + 5*j**2 + 7*j + 13. Let s be w(-3). Let y = -1179 - s. Is y a composite number?
False
Suppose 883676 = 23*p - 727382. Is p a composite number?
True
Let q(j) = 5 - 41*j - 52*j + 143*j. Suppose 0 = -5*h + h + 16. Is q(h) prime?
False
Suppose -3*z + 4847 = -p - 0*p, -3*p + 8097 = 5*z. Let s = z + -830. Suppose 3*v - 355 = -3*l + 434, -3*v + s = l. Is v prime?
False
Let a(b) = 16*b + 3531. Let v(q) = 8*q + 1765. Let c(z) = -2*a(z) + 5*v(z). Let m(u) = -u - 1. Let o(i) = c(i) + 6*m(i). Is o(0) a prime number?
False
Suppose 0 = -3*i + n + 932543 + 308012, 0 = i + 4*n - 413553. Is i a composite number?
False
Suppose -2*w = 2*o - 4*w - 26608, -w = 5*o - 66538. Suppose 75*t = 82*t - o. Is t a composite number?
False
Let o be (11 - (-1)/(-1)) + 4. Let k(w) = 12 - 25*w - o + 6 + 66*w. Is k(3) a prime number?
True
Suppose -2*h + 30 = 4*h. Suppose k + 6206 = h*a - 11995, -4*k - 7266 = -2*a. Is a composite?
True
Suppose 5*s = -m - 464, -6*m - 2*s = -5*m + 464. Let c = 93 - m. Is c composite?
False
Let t be 1/(1/6) + -4. Let s(a) = 6*a - 15 - 2*a**2 + 23*a**t - 14*a. Is s(14) a composite number?
False
Let h(o) = -2*o**3 - 5*o - 12 - 2*o**3 + 3*o**3 - o. Is h(-11) prime?
False
Suppose -19*s = z - 28*s - 25987, 2*z = -3*s + 51932. Is z composite?
False
Suppose -4*o + 14 = -5*s - 0*o, -o = 5*s + 9. Is 295926/301 - s/(-14) a composite number?
False
Suppose -5*p - 9 + 44 = 0. Suppose -3*n - p = -16. Suppose -3*q - 2*w = w - 234, 0 = n*q + w - 242. Is q prime?
False
Let p be (-29)/(((-4)/(-8))/1). Let s = -61 - p. Is 41 + 2 + s + 3 prime?
True
Let s = -128513 + 265842. Is s a prime number?
False
Let h(c) = -2*c - 1. Let q be h(-3). Suppose -q*o - 9349 = -d, -15933 = -2*d - 3*o + 2752. Suppose -5*t = 5*r - 8821 - 2829, 4*r - d = 4*t. Is r composite?
False
Suppose -f - 13 = -2*r + 7*r, f - 2*r = 8. Suppose -2 = y + y, -f*t = -3*y + 7757. Let w = -2262 - t. Is w a composite number?
True
Is 34*81/(-18)*(-2)/6 prime?
False
Let k(v) = 8*v**3 + 5*v**2 - 6*v + 7. Suppose -6 = 7*f - 8*f. Let r be k(f). Suppose 4*l = -c + r, 5*c - 3*c - 6 = 0. Is l a prime number?
False
Is 525935 + (-32)/8 + -8 composite?
False
Suppose -12*t = -17*t - 17*t. Is 161430/90 - (t + 4/6) a composite number?
True
Suppose 5*g = -4*s + 424 + 27, 4*g - 218 = -2*s. Let h = 180 - s. Let i = 98 - h. Is i prime?
True
Let c(z) = 1568*z**2 + 56*z + 499. Is c(-9) prime?
False
Let w(i) = -3*i + 24. Let l be w(7). Suppose -5*h = -25, l*s + 2*h = h + 3626. Let q = 1726 + s. Is q prime?
False
Let b(z) = 2*z - 41. Let x be b(22). Suppose 15 = x*d - 5*c, 3*d + 2*c = 19 - 4. Suppose -2*i + 10927 = d*i. Is i composite?
True
Suppose -258 = -0*d - 5*d - 4*j, 4*d - 196 = 2*j. Is ((-217725)/d)/((-3)/2) composite?
False
Is (-3 + 27)/4 - (-2 - 384348 - -1) a composite number?
True
Let v = -65 - -70. Suppose -v*c = -3*c - 5866. Is c a composite number?
True
Let p = -975 - -1879. Suppose -44 - p = -3*c. Suppose -2214 = -5*h - i, 4*h + 4*i - 1452 = c. Is h a prime number?
True
Let n = -5490 - -3194. Let m = n - -4066. Suppose -294 = -f + r + 148, 4*f - 2*r = m. Is f a composite number?
False
Suppose -4*j = -5*b + 76, -3*b - 2*b + 48 = 3*j. Let v(w) = w**2 + 3*w + 19. Let u be v(b). Let m = 786 - u. Is m a composite number?
False
Let c = 7 + 14. Is -1 + 42*(c - 6) composite?
True
Suppose 85 = 2*q - 4*o + 23, 0 = 3*q - 2*o - 85. Is 5*-1 - (-45468)/q a prime number?
False
Let a = 293 + 47. Is 924664/a + 7/5 prime?
False
Let r = 7 - 5. Suppose 2*n - w = -3*w + 18, r*n + 5*w = 33. Is -257*(n + -8 + 3) a composite number?
False
Suppose 4*z - 136108 = -b, -4*b = 5*z - 56832 - 113303. Is z composite?
True
Let u(g) = -6*g**2 + 8*g + 81573. Is u(0) prime?
False
Let w = -13855 - -9493. Is (0/(-7) + -2)/(4/w) prime?
False
Let d = 2767 + 19382. Suppose 6*a = -1263 + d. Is a prime?
False
Is 46446 - ((-11)/2 + -1 - (-714)/476) a prime number?
True
Let f(v) = 1095*v - 5. Let t be f(2). Let n = 